{"id":6,"date":"2019-07-15T10:23:41","date_gmt":"2019-07-15T10:23:41","guid":{"rendered":"http:\/\/demo.motothemes.co\/netw13\/landscape-design-service\/?page_id=6"},"modified":"2025-10-09T15:32:01","modified_gmt":"2025-10-09T20:32:01","slug":"landscape-design-service-home","status":"publish","type":"page","link":"https:\/\/fundacionedgarnumaelcasas.org\/","title":{"rendered":"FUNDACION Home"},"content":{"rendered":"<section class=\"wpb-content-wrapper\"><p>[vc_row][vc_column][rev_slider_vc alias=&#8221;Landscape-design-Service-slider&#8221;][\/vc_column][\/vc_row][vc_row][vc_column]<div class=\"motov4_spacer_69f1af2306a15\"><\/div><section class=\"motov4_fancy_heading text-center no_border motov4_69f1af2306a41\"><h2><span>CON\u00d3ZCANOS<\/span> <\/h2><\/section><div class=\"motov4_spacer_69f1af2306a65\"><\/div>[vc_row_inner][vc_column_inner width=&#8221;1\/3&#8243;]<div class=\"motov4_service_69f1af2306ceb motov4_services text-center motov4_border_section\">\r\n\t\t\t\t\t\t<div class=\"motov4_service_image \"><img decoding=\"async\" src=\"https:\/\/fundacionedgarnumaelcasas.org\/wp-content\/uploads\/2025\/10\/OBJETOSOCIAL1-150x150.jpg\" alt=\"OBJETO SOCIAL\" class=\"img-fluid\"><\/div><h3>OBJETO SOCIAL<\/h3><p>Promover el desarrollo socio ambiental de la regi\u00f3n a trav\u00e9s de programas de apoyo a comunidades, fortalecimiento de la participaci\u00f3n ciudadana, seguridad y cultura ambiental.<\/p><\/div>[\/vc_column_inner][vc_column_inner width=&#8221;1\/3&#8243;]<div class=\"motov4_service_69f1af2306f55 motov4_services text-center motov4_border_section\">\r\n\t\t\t\t\t\t<div class=\"motov4_service_image \"><img decoding=\"async\" src=\"https:\/\/fundacionedgarnumaelcasas.org\/wp-content\/uploads\/2025\/10\/Mision-150x150.jpg\" alt=\"MISI\u00d3N\" class=\"img-fluid\"><\/div><h3>MISI\u00d3N<\/h3><p>Fortalecer y articular voluntades de comunidades, autoridades y organizaciones sociales para generar tejido comunitario a trav\u00e9s de la transformaci\u00f3n social y recuperaci\u00f3n del medio ambiente, en el municipio de La Mesa y la regi\u00f3n del Tequendama.<\/p><\/div>[\/vc_column_inner][vc_column_inner width=&#8221;1\/3&#8243;]<div class=\"motov4_service_69f1af230715f motov4_services text-center motov4_border_section\">\r\n\t\t\t\t\t\t<div class=\"motov4_service_image \"><img decoding=\"async\" src=\"https:\/\/fundacionedgarnumaelcasas.org\/wp-content\/uploads\/2025\/10\/Vision-150x150.jpg\" alt=\"VIS\u00d3N\" class=\"img-fluid\"><\/div><h3>VIS\u00d3N<\/h3><p>Para el 2030, la Fundaci\u00f3n Edgar Numael Casas ser\u00e1 reconocida como referente regional en procesos de participaci\u00f3n comunitaria, cultura ambiental, seguridad ciudadana y apoyo social, logrando impacto sostenible y ambiental en la calidad de vida de las comunidades.<\/p><\/div>[\/vc_column_inner][\/vc_row_inner][vc_separator][\/vc_column][\/vc_row][vc_row full_width=&#8221;stretch_row&#8221; css=&#8221;.vc_custom_1760041678117{padding-bottom: 70px !important;background-image: url(https:\/\/fundacionedgarnumaelcasas.org\/wp-content\/uploads\/2025\/10\/VALORES.jpg?id=493) !important;background-position: center !important;background-repeat: no-repeat !important;background-size: cover !important;}&#8221;][vc_column]<div class=\"motov4_spacer_69f1af23071b6\"><\/div>[vc_row_inner][vc_column_inner width=&#8221;1\/3&#8243; css=&#8221;.vc_custom_1563273723562{margin-left: 60px !important;}&#8221;][vc_single_image image=&#8221;246&#8243; alignment=&#8221;center&#8221;][\/vc_column_inner][vc_column_inner width=&#8221;1\/3&#8243;]<section class=\"motov4_fancy_heading text-center no_border motov4_69f1af23071ca\"><h2>NUESTROS VALORES<\/h2><\/section>[\/vc_column_inner][vc_column_inner width=&#8221;1\/3&#8243;][vc_single_image image=&#8221;246&#8243; alignment=&#8221;center&#8221;][\/vc_column_inner][\/vc_row_inner]<div class=\"motov4_spacer_69f1af23071e0\"><\/div>[\/vc_column][\/vc_row][vc_row][vc_column]<div class=\"motov4_services motov4_ser_bg motov4_boxed_69f1af23071eb\">\r\n\t\t\t\t\t<div class=\"row\"><div class=\"col-lg-6 col-md-6\">\r\n\t\t\t\t\t<div class=\"motov4_services text-center  motov4_after_border motov4_ser_spacer\">\r\n\t\t\t\t\t\t<div class=\"motov4_service_image\"><span class=\"fas fa-feather-alt\"><\/span><\/div>\r\n\t\t\t\t\t\t<h3>SOLIDARIDAD<\/h3><p>En la Fundaci\u00f3n entendemos la solidaridad como la capacidad de ponerse en el lugar del otro y actuar para tender una mano. Es compartir lo que tenemos y lo que somos, creando redes de apoyo que alivian necesidades y fortalecen el tejido social.<\/p><\/div><\/div><div class=\"col-lg-6 col-md-6\">\r\n\t\t\t\t\t<div class=\"motov4_services text-center  motov4_ser_spacer\">\r\n\t\t\t\t\t\t<div class=\"motov4_service_image\"><span class=\"fas fa-feather-alt\"><\/span><\/div>\r\n\t\t\t\t\t\t<h3>TRANSPARENCIA<\/h3><p>Trabajamos con honestidad y claridad en todos los procesos. La transparencia es la base de la confianza con la comunidad, los aliados y los donantes; significa rendir cuentas de manera responsable y garantizar que cada recurso se use con un prop\u00f3sito leg\u00edtimo.<\/p><\/div><\/div><\/div><\/div><div class=\"motov4_services motov4_ser_bg motov4_boxed_69f1af2307297\">\r\n\t\t\t\t\t<div class=\"row\"><div class=\"col-lg-6 col-md-6\">\r\n\t\t\t\t\t<div class=\"motov4_services text-center  motov4_after_border motov4_ser_spacer\">\r\n\t\t\t\t\t\t<div class=\"motov4_service_image\"><span class=\"fas fa-feather-alt\"><\/span><\/div>\r\n\t\t\t\t\t\t<h3>COMPROMISO COMUNITARIO<\/h3><p>La fundaci\u00f3n existe porque creemos en la fuerza de la comunidad. El compromiso comunitario es participar activamente en las soluciones, acompa\u00f1ar los procesos y no abandonar los proyectos hasta verlos florecer. Es estar presentes en los momentos de necesidad y en los de celebraci\u00f3n.<\/p><\/div><\/div><div class=\"col-lg-6 col-md-6\">\r\n\t\t\t\t\t<div class=\"motov4_services text-center  motov4_ser_spacer\">\r\n\t\t\t\t\t\t<div class=\"motov4_service_image\"><span class=\"fas fa-feather-alt\"><\/span><\/div>\r\n\t\t\t\t\t\t<h3>RESPETO POR LA VIDA Y EL MEDIO AMBIENTE<\/h3><p>Defendemos la vida en todas sus formas. El respeto por la naturaleza y por los seres humanos es un principio innegociable: cuidar el agua, los \u00e1rboles, los animales y las personas es cuidar nuestro futuro. Cada acci\u00f3n busca dejar una huella positiva y sostenible.<\/p><\/div><\/div><\/div><\/div>[\/vc_column][\/vc_row][vc_row][vc_column]<div class=\"motov4_services motov4_ser_bg motov4_boxed_69f1af23072d4\">\r\n\t\t\t\t\t<div class=\"row\"><div class=\"col-lg-6 col-md-6\">\r\n\t\t\t\t\t<div class=\"motov4_services text-center  motov4_after_border motov4_ser_spacer\">\r\n\t\t\t\t\t\t<div class=\"motov4_service_image\"><span class=\"fas fa-feather-alt\"><\/span><\/div>\r\n\t\t\t\t\t\t<h3>TRABAJO EN EQUIPO<\/h3><p>Creemos en el poder de las alianzas. Ninguna transformaci\u00f3n se logra sola: la uni\u00f3n de la comunidad, las autoridades, las instituciones y los voluntarios hace posible que los proyectos tengan un mayor impacto. El trabajo en equipo significa sumar voluntades, reconocer los aportes de todos y caminar juntos hacia los mismos objetivos.<\/p><\/div><\/div><\/div><\/div>[\/vc_column][\/vc_row]<\/p>\n<\/section>","protected":false},"excerpt":{"rendered":"<p>[vc_row][vc_column][rev_slider_vc alias=&#8221;Landscape-design-Service-slider&#8221;][\/vc_column][\/vc_row][vc_row][vc_column][vc_row_inner][vc_column_inner width=&#8221;1\/3&#8243;][\/vc_column_inner][vc_column_inner width=&#8221;1\/3&#8243;][\/vc_column_inner][vc_column_inner width=&#8221;1\/3&#8243;][\/vc_column_inner][\/vc_row_inner][vc_separator][\/vc_column][\/vc_row][vc_row full_width=&#8221;stretch_row&#8221; css=&#8221;.vc_custom_1760041678117{padding-bottom: 70px !important;background-image: url(https:\/\/fundacionedgarnumaelcasas.org\/wp-content\/uploads\/2025\/10\/VALORES.jpg?id=493) !important;background-position: center !important;background-repeat: no-repeat !important;background-size: cover !important;}&#8221;][vc_column][vc_row_inner][vc_column_inner width=&#8221;1\/3&#8243; css=&#8221;.vc_custom_1563273723562{margin-left: 60px.<\/p>\n","protected":false},"author":1,"featured_media":0,"parent":0,"menu_order":0,"comment_status":"closed","ping_status":"closed","template":"","meta":{"footnotes":""},"class_list":["post-6","page","type-page","status-publish","hentry"],"_links":{"self":[{"href":"https:\/\/fundacionedgarnumaelcasas.org\/index.php\/wp-json\/wp\/v2\/pages\/6","targetHints":{"allow":["GET"]}}],"collection":[{"href":"https:\/\/fundacionedgarnumaelcasas.org\/index.php\/wp-json\/wp\/v2\/pages"}],"about":[{"href":"https:\/\/fundacionedgarnumaelcasas.org\/index.php\/wp-json\/wp\/v2\/types\/page"}],"author":[{"embeddable":true,"href":"https:\/\/fundacionedgarnumaelcasas.org\/index.php\/wp-json\/wp\/v2\/users\/1"}],"replies":[{"embeddable":true,"href":"https:\/\/fundacionedgarnumaelcasas.org\/index.php\/wp-json\/wp\/v2\/comments?post=6"}],"version-history":[{"count":49,"href":"https:\/\/fundacionedgarnumaelcasas.org\/index.php\/wp-json\/wp\/v2\/pages\/6\/revisions"}],"predecessor-version":[{"id":502,"href":"https:\/\/fundacionedgarnumaelcasas.org\/index.php\/wp-json\/wp\/v2\/pages\/6\/revisions\/502"}],"wp:attachment":[{"href":"https:\/\/fundacionedgarnumaelcasas.org\/index.php\/wp-json\/wp\/v2\/media?parent=6"}],"curies":[{"name":"wp","href":"https:\/\/api.w.org\/{rel}","templated":true}]}}

<section class="wpb-content-wrapper"><p>[vc_row][vc_column][rev_slider_vc alias=&#8221;Landscape-design-Service-slider&#8221;][/vc_column][/vc_row][vc_row][vc_column]<div class="motov4_spacer_69f1af2306a15"></div><section class="motov4_fancy_heading text-center no_border motov4_69f1af2306a41"><h2><span>CONÓZCANOS</span> </h2></section><div class="motov4_spacer_69f1af2306a65"></div>[vc_row_inner][vc_column_inner width=&#8221;1/3&#8243;]<div class="motov4_service_69f1af2306ceb motov4_services text-center motov4_border_section">
						<div class="motov4_service_image "><img decoding="async" src="https://fundacionedgarnumaelcasas.org/wp-content/uploads/2025/10/OBJETOSOCIAL1-150x150.jpg" alt="OBJETO SOCIAL" class="img-fluid"></div><h3>OBJETO SOCIAL</h3><p>Promover el desarrollo socio ambiental de la región a través de programas de apoyo a comunidades, fortalecimiento de la participación ciudadana, seguridad y cultura ambiental.</p></div>[/vc_column_inner][vc_column_inner width=&#8221;1/3&#8243;]<div class="motov4_service_69f1af2306f55 motov4_services text-center motov4_border_section">
						<div class="motov4_service_image "><img decoding="async" src="https://fundacionedgarnumaelcasas.org/wp-content/uploads/2025/10/Mision-150x150.jpg" alt="MISIÓN" class="img-fluid"></div><h3>MISIÓN</h3><p>Fortalecer y articular voluntades de comunidades, autoridades y organizaciones sociales para generar tejido comunitario a través de la transformación social y recuperación del medio ambiente, en el municipio de La Mesa y la región del Tequendama.</p></div>[/vc_column_inner][vc_column_inner width=&#8221;1/3&#8243;]<div class="motov4_service_69f1af230715f motov4_services text-center motov4_border_section">
						<div class="motov4_service_image "><img decoding="async" src="https://fundacionedgarnumaelcasas.org/wp-content/uploads/2025/10/Vision-150x150.jpg" alt="VISÓN" class="img-fluid"></div><h3>VISÓN</h3><p>Para el 2030, la Fundación Edgar Numael Casas será reconocida como referente regional en procesos de participación comunitaria, cultura ambiental, seguridad ciudadana y apoyo social, logrando impacto sostenible y ambiental en la calidad de vida de las comunidades.</p></div>[/vc_column_inner][/vc_row_inner][vc_separator][/vc_column][/vc_row][vc_row full_width=&#8221;stretch_row&#8221; css=&#8221;.vc_custom_1760041678117{padding-bottom: 70px !important;background-image: url(https://fundacionedgarnumaelcasas.org/wp-content/uploads/2025/10/VALORES.jpg?id=493) !important;background-position: center !important;background-repeat: no-repeat !important;background-size: cover !important;}&#8221;][vc_column]<div class="motov4_spacer_69f1af23071b6"></div>[vc_row_inner][vc_column_inner width=&#8221;1/3&#8243; css=&#8221;.vc_custom_1563273723562{margin-left: 60px !important;}&#8221;][vc_single_image image=&#8221;246&#8243; alignment=&#8221;center&#8221;][/vc_column_inner][vc_column_inner width=&#8221;1/3&#8243;]<section class="motov4_fancy_heading text-center no_border motov4_69f1af23071ca"><h2>NUESTROS VALORES</h2></section>[/vc_column_inner][vc_column_inner width=&#8221;1/3&#8243;][vc_single_image image=&#8221;246&#8243; alignment=&#8221;center&#8221;][/vc_column_inner][/vc_row_inner]<div class="motov4_spacer_69f1af23071e0"></div>[/vc_column][/vc_row][vc_row][vc_column]<div class="motov4_services motov4_ser_bg motov4_boxed_69f1af23071eb">
					<div class="row"><div class="col-lg-6 col-md-6">
					<div class="motov4_services text-center  motov4_after_border motov4_ser_spacer">
						<div class="motov4_service_image"><span class="fas fa-feather-alt"></span></div>
						<h3>SOLIDARIDAD</h3><p>En la Fundación entendemos la solidaridad como la capacidad de ponerse en el lugar del otro y actuar para tender una mano. Es compartir lo que tenemos y lo que somos, creando redes de apoyo que alivian necesidades y fortalecen el tejido social.</p></div></div><div class="col-lg-6 col-md-6">
					<div class="motov4_services text-center  motov4_ser_spacer">
						<div class="motov4_service_image"><span class="fas fa-feather-alt"></span></div>
						<h3>TRANSPARENCIA</h3><p>Trabajamos con honestidad y claridad en todos los procesos. La transparencia es la base de la confianza con la comunidad, los aliados y los donantes; significa rendir cuentas de manera responsable y garantizar que cada recurso se use con un propósito legítimo.</p></div></div></div></div><div class="motov4_services motov4_ser_bg motov4_boxed_69f1af2307297">
					<div class="row"><div class="col-lg-6 col-md-6">
					<div class="motov4_services text-center  motov4_after_border motov4_ser_spacer">
						<div class="motov4_service_image"><span class="fas fa-feather-alt"></span></div>
						<h3>COMPROMISO COMUNITARIO</h3><p>La fundación existe porque creemos en la fuerza de la comunidad. El compromiso comunitario es participar activamente en las soluciones, acompañar los procesos y no abandonar los proyectos hasta verlos florecer. Es estar presentes en los momentos de necesidad y en los de celebración.</p></div></div><div class="col-lg-6 col-md-6">
					<div class="motov4_services text-center  motov4_ser_spacer">
						<div class="motov4_service_image"><span class="fas fa-feather-alt"></span></div>
						<h3>RESPETO POR LA VIDA Y EL MEDIO AMBIENTE</h3><p>Defendemos la vida en todas sus formas. El respeto por la naturaleza y por los seres humanos es un principio innegociable: cuidar el agua, los árboles, los animales y las personas es cuidar nuestro futuro. Cada acción busca dejar una huella positiva y sostenible.</p></div></div></div></div>[/vc_column][/vc_row][vc_row][vc_column]<div class="motov4_services motov4_ser_bg motov4_boxed_69f1af23072d4">
					<div class="row"><div class="col-lg-6 col-md-6">
					<div class="motov4_services text-center  motov4_after_border motov4_ser_spacer">
						<div class="motov4_service_image"><span class="fas fa-feather-alt"></span></div>
						<h3>TRABAJO EN EQUIPO</h3><p>Creemos en el poder de las alianzas. Ninguna transformación se logra sola: la unión de la comunidad, las autoridades, las instituciones y los voluntarios hace posible que los proyectos tengan un mayor impacto. El trabajo en equipo significa sumar voluntades, reconocer los aportes de todos y caminar juntos hacia los mismos objetivos.</p></div></div></div></div>[/vc_column][/vc_row]</p>
</section>
